-29 + 119. What is the tens digit of t?
1
Suppose -6*b - 1083 = -4533. What is the tens digit of b?
7
Let s(r) = -1490*r + 47. What is the hundreds digit of s(-4)?
0
Let j = -11 - -13. Suppose 9*r = -3*g + 4*r + 175, 0 = -3*g + j*r + 182. Suppose g = 4*b - 0*z - 2*z, 75 = 5*b + z. What is the units digit of b?
5
Let d = 2559 + -1609. What is the hundreds digit of d?
9
Let n = 5482 - 3679. What is the tens digit of n?
0
Let y be (-51)/(-18) + 57/18 + -3. Suppose -581 = -4*h - 5*x, 0 = 5*h + y*x - 0*x - 723. What is the units digit of h?
4
Let p be 297/6 + 1/(-2). Suppose -2*h = 5*h - p. What is the units digit of h?
7
Let b(i) = -2*i**2 + 5*i**2 + 3*i + i. Let c be ((0 - (-11 - 1))/2)/(-2). What is the tens digit of b(c)?
1
Suppose 0 = 4*o - 0*o - 5*r - 65, -5*r = 2*o - 25. Suppose z + 4*z - o = 0. Suppose -23 = -z*a + 88. What is the tens digit of a?
3
Suppose 263 = -2*g - v + 1122, 3*g - 4*v - 1261 = 0. What is the tens digit of g?
2
Suppose 2205 = -504*i + 513*i. What is the units digit of i?
5
Let y be ((-6)/(-9))/(1/6). Let q be 6 - (3 - 8/y). Suppose -z + i = 3*z - 92, 2*z + q*i - 46 = 0. What is the units digit of z?
3
Let r(a) = 2*a + 18. Let y be r(-8). Let f be (917/14)/(1/y). Let q = f + -85. What is the units digit of q?
6
Suppose 0 = 2*h + 3*t - 871, -2*t - 2*t - 1712 = -4*h. Suppose -105 = -8*u + h. What is the tens digit of u?
6
Let i be -2 + (2 + 3 - -1). Suppose 3*v + 2*v + 10 = -s, -i*s + 3*v + 6 = 0. Suppose s*k = k - 5. What is the units digit of k?
5
Let v = -266 + 127. Let l = v - -203. What is the units digit of l?
4
Suppose 0 = -2*i - 12 - 92. Let w = i + 111. What is the tens digit of w?
5
What is the units digit of 1*(-12)/10*(-2230)/6?
6
Let o be 3/((-30)/4)*-405. Suppose 0*t + 334 = 4*j - 3*t, 2*j - 4*t = o. What is the units digit of j?
5
What is the thousands digit of 6585/(-10)*(-7)/((-42)/(-12))?
1
Suppose 8*w + 588 = w. Let u be ((-21)/w)/(1/12). Suppose 0 = m - 5*i - 8, -10 + u = -2*m + i. What is the units digit of m?
3
Suppose 118 = 3*q - 122. Suppose 12 = b - 4*r, q = -0*b + 3*b - r. What is the units digit of b?
8
Suppose 3*y + 10*p = 14*p + 4428, -4*y + 5873 = 5*p. What is the units digit of y?
2
Suppose 7*z - 4*z = -90. Let s be (-2)/(-1) + 470/(-10). Let q = z - s. What is the tens digit of q?
1
Let t(b) = 4*b**2 - 18*b + 55. What is the tens digit of t(5)?
6
Suppose -4*m - 160 = -0*m. Let z = m + 161. What is the hundreds digit of z?
1
Let k(w) = 2*w**2 + 8*w - 2. Suppose 0 = 3*y - q + 16, -3*q = 2*y - q. Let u be k(y). What is the tens digit of (-14 - 4/(-1))*u?
2
Let n be (48 + 14)*2/4. Let a = n + -4. What is the tens digit of a?
2
What is the hundreds digit of (9 - (-6937)/14)*4?
0
Let p(i) = 54*i - 4. Let l be p(-3). Suppose 3*j + 1 = 2*j + 3*a, 0 = -2*j + 3*a - 8. What is the tens digit of l/j + (-4)/(-14)?
2
Let p be 3/(-2)*2 + 12. Let q be (-21)/6*(4 + -6). Suppose q*x + 2 = p*x. What is the units digit of x?
1
Suppose 0 = 3*g - 3. Let w = 1 + g. What is the units digit of w?
2
Suppose 5*j + h + 0*h - 2567 = 0, 1019 = 2*j + 3*h. What is the hundreds digit of j?
5
Suppose 0 = 7*y - 3*y - 16. Suppose 2*r + y = 4*k - 3*r, k - 4 = 2*r. What is the units digit of (-4)/(k/49) + 1?
0
Let m(x) = x**3 + 3*x**2 - x. Let y be m(2). Let s = -13 + y. What is the units digit of 24/(-40) + 63/s?
2
Let g(h) = 11*h**2 + 40*h - 352. What is the units digit of g(8)?
2
Suppose 5*m - 9*m + 1972 = 0. What is the hundreds digit of m?
4
Suppose -y + 2 = 5*d + 2*y, 0 = -4*d + 5*y - 28. What is the tens digit of (-4 - -5) + d - -43?
4
Let d be (-350)/(-15) + 1/(-3). Let q = d + 14. What is the units digit of q?
7
Suppose 2*z + 1 = 19. Suppose 12 = -6*f + z*f. What is the tens digit of 6080/133 + f/14?
4
Let i(n) = -n**3 - 6*n**2 - 3*n + 2. Let t be i(-6). Let s = t - -39. What is the units digit of s?
9
Suppose 25 = 5*s, 2*k + s = 5 + 10. Suppose b - 370 = -4*u - 4*b, 0 = -k*u - b + 473. What is the tens digit of u?
9
Let w(o) = o**3 + 8*o**2 - 4*o - 17. Suppose -2*t - 22 = -0*t. Let y = t - -4. What is the units digit of w(y)?
0
Let h = 13 - 14. Let s be 8 - (1 - (h + -1)). Suppose 0 = -s*c - 1 + 6. What is the units digit of c?
1
Suppose 3*l + 12 = -0*l. Let p be (-2)/l - (-3)/(-2). What is the units digit of (-2)/(-4)*(3 - p)?
2
Suppose 3*i - 7418 = 4*r + 2139, 3*i - 9512 = -5*r. What is the units digit of i?
9
Let v = 1786 - 1098. What is the tens digit of v?
8
Suppose 16*l - 2211 = 4013. What is the units digit of l?
9
What is the thousands digit of (-10 + 2964 - 2)/2?
1
Suppose -4*o = 66 - 2. Let n = -13 - o. Suppose -5*k = 3*i - 50, 4*k = -n*i - 0*k + 46. What is the tens digit of i?
1
Let g(z) = 386*z**3 - 6*z**2 + 5*z + 5. What is the units digit of g(2)?
9
Let p be 24/(-10)*(0 + (-160)/6). Let h = p + 126. What is the tens digit of h?
9
Let z be 1/((-22)/392) - (-6)/(-33). What is the tens digit of z/45 + 244/10?
2
Let t be 0*4/(-24)*3. Suppose t*y - 450 = -5*y. What is the units digit of y?
0
Suppose 219*c = 218*c + 354. What is the tens digit of c?
5
Let s = 75 - 44. Let u = s + -3. Suppose -5*w - 91 = -3*q + q, -w = q - u. What is the units digit of q?
3
Let z(q) = 4*q**2 + 27*q + 304. What is the units digit of z(-14)?
0
Let y(o) = 2*o - 13. Let j be y(6). Let p be -4 - j*(4 + 3). Suppose p*h - 164 = -4*u - 18, 5*h = u + 251. What is the units digit of h?
0
Let k(s) = -s**3 + 9*s**2 + 11*s - 6. Let q be k(10). Suppose 2*d + 22 = q*d. What is the tens digit of d?
1
Suppose -3*d - 2 + 5 = 0. Let a be (0 - d) + (-4 - -8). Suppose -2*q + 5*q = a. What is the units digit of q?
1
Let h(d) = 2*d + 5. Let u(j) = -4*j - 9. Let b(i) = 5*h(i) + 3*u(i). Let m be (-3 + 2)/((-1)/(-5)). What is the units digit of b(m)?
8
Let m be 2/((-1)/(-2) + 0). Suppose -3*k = -18 + 3. Suppose -l + 33 = m*y - k*y, -3*y = l - 29. What is the tens digit of l?
3
Suppose 0 = -3*f, -28*f = -4*p - 30*f + 3260. What is the tens digit of p?
1
Suppose -j - 56 = -5*j. Suppose 4*i = 106 - j. Let r = 0 + i. What is the tens digit of r?
2
Suppose -9*s + 2036 = -5*s. Let g = 790 - s. What is the tens digit of g?
8
Let m(z) = -4*z + 1. Let l be m(-16). Suppose -635 - l = -7*b. What is the tens digit of b?
0
Let d(i) = -2*i**2 + 9*i - 2. Let g be d(4). Suppose 0 = -g*v + 4*k - 306, 0 = -2*v - 2*v + 5*k - 600. Let t = v + 210. What is the tens digit of t?
6
Suppose 4*o - 6*o = -2*l - 1730, -5*o + 4321 = -3*l. What is the units digit of o?
3
Let a(l) = -45*l + 9. Let j be a(-15). Suppose -5*g + j + 282 = 2*t, 2*t - 198 = -g. What is the tens digit of g?
9
Suppose -3*c = 3*r - 786, 4*r - c = 3*c + 1072. What is the tens digit of r?
6
Let u(d) = 46*d**2 - 103*d + 306. What is the units digit of u(3)?
1
Let z = 7616 - 4985. What is the hundreds digit of z?
6
Let s(u) be the third derivative of 0 - 1/120*u**6 + 14*u**2 - 1/6*u**3 + 2/15*u**5 + 0*u + 1/24*u**4. What is the tens digit of s(5)?
7
Suppose k - 3 - 8 = -4*g, 2*g = k + 1. Let q be 4 + -4 + g - -37. Suppose 11*l - 10*l = q. What is the tens digit of l?
3
Suppose -1138 = -4*k - 5*u + 301, -5*u - 366 = -k. Let g = -212 + k. What is the tens digit of g?
4
Let o(x) = -x + 7. Let f(a) = -2*a + 13. Let l(m) = -4*f(m) + 7*o(m). Let j be l(7). What is the units digit of (j/(-6))/(2/(-51))?
7
Let j(v) = 3*v**2 + 6*v + 2. Let m be (-66)/14 - (-16)/(-56). What is the tens digit of j(m)?
4
Let m = 1056 - 951. Let j be (3/(-2))/(6/224). Let i = m + j. What is the units digit of i?
9
Let s be (-2)/(-2) + -1 + 6. Let r(w) be the first derivative of w**2/2 + 8*w - 5. What is the tens digit of r(s)?
1
What is the units digit of -5*(3 + 100/(-1))*1?
5
Let b = -3 + 16. Suppose 3*t - 2*t = b. What is the units digit of t?
3
Let w = 88 - 103. What is the units digit of 6/(4*w/(-520))?
2
Let f(h) = -66*h + 407. What is the tens digit of f(-28)?
5
Suppose 6*p = -1148 + 5228. What is the tens digit of p?
8
What is the thousands digit of (-130)/78 + (-16462)/(-6)?
2
Let y = 34 + -34. Suppose 2*f - 8 = y, 3*f = 5*p - p - 356. What is the tens digit of p?
9
Let s = 489 + -324. Suppose -3*r - s = -3*k, 5*k - 2*k - r = 175. What is the tens digit of k?
6
Suppose 0 = 11*g - 7*g - 4264. What is the tens digit of g?
6
Suppose 3*m + 12 = 4*m + 3*t, -2*t = m - 8. Let y(z) = -3*z + 3*z + 0*z + 42 - z. What is the tens digit of 